
Let n(h) = 21*h. Suppose 5*f = 5*t - 25, -2*f - 17 = -5*t + f. Give n(t).
21
Let h(w) be the first derivative of -1/3*w**3 - 1/24*w**4 + 1/40*w**5 + 0*w**2 + 0*w - 4. Let u(q) be the third derivative of h(q). Calculate u(-1).
-4
Let v(a) = -a**2 + a. Let q be v(2). Let g be q - (0 + 1)*1. Let u(s) be the second derivative of -s**3/6 - 2*s**2 - 114*s. Give u(g).
-1
Let u(i) be the second derivative of i**3/6 - i**2/2 + 2*i. Determine u(-6).
-7
Let d(z) = -z**3 + 7*z**2 - 10*z - 4. Let w be d(3). Let o(c) be the third derivative of 0 + 0*c - 1/60*c**5 + w*c**2 + 1/8*c**4 + 1/6*c**3. Give o(4).
-3
Let s(v) be the second derivative of -v**4/12 + 3*v**3/2 - 9*v**2/2 - 5*v. Determine s(6).
9
Let q(c) = 2*c**3 + 2*c**2 - 3*c - 3. Let y be (-2)/(-7) + 340/35. Suppose -9*u = -y*u - 2. Give q(u).
-5
Let r(v) = v**2 - 2*v + 1. Suppose 2*s + 2*s = 3*j - 4, j = 4. Calculate r(s).
1
Suppose 0 = 2*z - z - 5*s - 3, -4*z = s + 9. Let n(p) be the first derivative of 1/4*p**4 - 1/2*p**2 + 6 + 0*p + 2/3*p**3. What is n(z)?
2
Let i(d) be the second derivative of d**3/6 - 20*d. What is i(-3)?
-3
Let m(p) be the first derivative of p**2/2 + 3*p + 6. Give m(-5).
-2
Let j(l) be the third derivative of -l**6/120 - l**5/30 + l**4/12 - l**3/6 - l**2. Let g be (3/2)/((-1)/(-2) - 1). Give j(g).
2
Let h(p) = 3*p**2 - 3*p + 4. Let z be -1 - 0/(-3*1). Let u(r) = -r**3 + r - 1. Let s(v) = z*h(v) - u(v). Let q be s(3). Let d(a) = a**2 - a - 3. Give d(q).
3
Let r(q) be the first derivative of -7/2*q**2 + 1 + q. Determine r(-1).
8
Let t(c) = -c**2 + 6*c + 10. Let a be t(7). Let l(j) = 2*j + 1 + 5 - a*j. What is l(5)?
1
Let s(t) be the first derivative of t**3/3 - 3*t**2/2 - 7*t - 4. Calculate s(5).
3
Let z(c) = -c**2 - 8*c - 5. Suppose -6*b - 43 = 5*j - 4*b, -23 = 5*j - 3*b. Give z(j).
2
Let r = -4 - -2. Let p be (8/r)/(2 - 4). Let a(q) = -q**3 - 2*q**2 + 2*q + 2. Determine a(p).
-10
Let n(p) = p**3 - p**2 - p. Let k(x) = x - 2. Let v be k(-3). Let j(y) = 6*y**3 - 7*y**2 - 8*y - 4. Let i(b) = v*n(b) + j(b). What is i(3)?
-4
Let c be (2 - 1)/(-1)*2. Suppose 0*h - 4*h = -12. Let a(m) = -2 + m**3 + m**2 + h*m**2 - 2*m - 2*m**2. Calculate a(c).
2
Let d(i) be the first derivative of -1/3*i**3 - 1/24*i**4 - 2 + 0*i + 1/120*i**5 + 1/45*i**6 + 0*i**2. Let y(n) be the third derivative of d(n). Give y(1).
8
Let o(m) = 65 - 3*m - m**2 - 65. Give o(-3).
0
Let k(z) = -z**2 - 7*z - 6. Let r(u) = 2*u + 5. Let q be r(-5). Give k(q).
4
Let y(q) = -4*q**2 + 8*q + 5*q**2 - 4 - 5*q + 1. Let f = -9 + 5. Calculate y(f).
1
Let u(r) = -3*r**2 + 35*r + 24. Let a(k) = k**2 - 12*k - 8. Let f(d) = 17*a(d) + 6*u(d). Calculate f(7).
1
Let u be ((-6)/(-3) - 2)/1. Suppose -2*g - 9 + 3 = u. Let i(z) be the third derivative of -z**6/120 - z**5/20 - z**4/12 - z**2. Give i(g).
6
Suppose 0 = 3*q - 0*q. Let j(p) = -p**3 + p**2 + q*p**3 + 5*p**3. Suppose 0 = 2*t + 3*t + 5. Give j(t).
-3
Let z(b) = 2*b - 2. Suppose -u + 5*s = 21 + 3, 2*u = -5*s + 27. Let a(d) = 4*d**3 - 2*d**2 + d. Let p be a(u). Calculate z(p).
4
Let m(f) = f - 1. Let i(o) = -5*o + 6. Let x(k) = -i(k) - 4*m(k). Let v be 1*-2*(-1 - 14/(-4)). Determine x(v).
-7
Let a(d) be the first derivative of d**5/20 + d**4/2 + 7*d**3/6 + 7*d**2/2 + 4*d + 3. Let w(k) be the first derivative of a(k). Determine w(-5).
-3
Let x(d) be the first derivative of -d**5/120 - d**4/12 - d**3 - 4. Let m(t) be the third derivative of x(t). Give m(2).
-4
Let b(h) = 2*h + 3*h - 3*h**2 + 2 + 0. Let z(i) = i**2 - i - 1. Let s = 2 - 1. Let v(j) = s*b(j) + 2*z(j). Calculate v(4).
-4
Let g(z) = -2*z**2 + z - 9. Let f(w) = -8*w**2 - w - 16. Let s(t) = 15*t**2 + t + 33. Let b(p) = 5*f(p) + 3*s(p). Let k(a) = -3*b(a) - 7*g(a). What is k(0)?
6
Let d(v) = v**2 + 7*v + 9. Let h(x) = x + 5. Let t be h(-5). Suppose 4*l - 2*n + 14 = t, 3*l - 5*n - 7 = -0. What is d(l)?
3
Let u(j) = 4*j - 28. Let i be u(8). Let n(o) = 4 - 2*o + 4*o - 3*o. Calculate n(i).
0
Let r = 3 - 3. Suppose -l + 1 + 0 = r. Let q(a) = -9*a**3 - a**2 + a. Give q(l).
-9
Let h(j) be the first derivative of j**2 + 3*j + 4. Suppose d + d - 18 = 5*w, -w + 5*d = -1. Determine h(w).
-5
Let o = -1 - 5. Let r(p) = -p**2 - 7*p - 7. Calculate r(o).
-1
Let z(l) = -2*l**3 + l - 1. Let i be (-6 - -9) + (0 - 2). Determine z(i).
-2
Let m(c) be the first derivative of -2 - c**2 - 1/20*c**6 + 0*c**5 + 0*c + 0*c**3 + 1/24*c**4. Let q(j) be the second derivative of m(j). Calculate q(-1).
5
Let n(i) = i**3 - 4*i**2 + 3*i - 1. Let m be 5/(-3)*-3 + 2. Let j(b) = -b**2 + 8*b - 3. Let v be j(m). Determine n(v).
11
Let m = -5 + 7. Let t(h) = 3*h**2 + 7*h + 7. Let n(k) = -8*k**2 - 20*k - 19. Let r(f) = -4*n(f) - 11*t(f). Give r(m).
1
Let k be (3/(-6))/((-1)/24). Suppose -3*j = -v - 17, -j - 4*v - k = j. Let p(q) be the third derivative of q**4/24 - 2*q**3/3 - 2*q**2. What is p(j)?
0
Let v(b) = 1. Let w(f) be the second derivative of f**3/6 + f**2 + 5*f. Let i(y) = 4*v(y) - 3*w(y). Determine i(2).
-8
Let y(t) be the second derivative of 1/6*t**3 + 0 + 7/24*t**4 - 2*t - t**2. Let h(x) be the first derivative of y(x). What is h(-1)?
-6
Let x(k) = -4*k**2 - 2*k**2 - k - 3*k**2 + 2*k**2. Give x(-1).
-6
Let w(v) = -5*v + 3. Let k(u) = -14*u + 8. Let g(p) = -6*k(p) + 17*w(p). Suppose -3*c - 9 = 0, 0 = -3*b - 2*c - 0*c + 3. What is g(b)?
0
Let t = 106 + -109. Let u(m) = 8*m - 1. Determine u(t).
-25
Let m(d) = -d - 2. Suppose -14 = v - 2*v - 3*c, -v + c = -2. Suppose -u - u = v*r + 12, 0 = -4*u - r + 12. Let g be 1/u - (-5)/(-4). What is m(g)?
-1
Let f(x) = -1. Let g(z) = -z - 5. Let i(t) = -6*f(t) + g(t). Let m(n) = -n**3 + 6*n + 3. Let h be m(-2). Give i(h).
2
Let s be (-20)/5*(-1)/(-4). Let d(z) = z**3 - 2*z - 1. Calculate d(s).
0
Let y(z) = z**2 - 6*z + 6. Suppose -8*l + 20 = -3*l. Calculate y(l).
-2
Let w(f) = -4*f + 6*f + 4 - 1 + 0. Calculate w(-2).
-1
Let s = -8 + 22. Let u = s + -10. Let w(i) = 5*i - i**2 - 4 + 3 + 0. What is w(u)?
3
Let a(z) = z**2 + z - 1. Suppose h = -4 - 2. Let w be 4/h*(6 + -3). What is a(w)?
1
Let c(p) be the first derivative of -p**4/4 + 2*p**3/3 - p**2 + 3*p - 1. Suppose -m = 2*m - 6. Determine c(m).
-1
Let d = 2 - 0. Suppose h = d*h + 2. Let k(x) = 3*x - 1. Let t(w) = 10*w - 4. Let i(n) = h*t(n) + 7*k(n). Calculate i(3).
4
Let m(n) be the first derivative of -1/2*n**2 - 1/4*n**4 - 3 + n**3 + 0*n. Let q be m(1). Let h(c) = -7*c**2 - c + 1. Calculate h(q).
-7
Let b(i) = -i - 7. Let t be b(5). Let v = 12 + t. Let l(f) = f**3 + f**2 + f - 6. Calculate l(v).
-6
Let n = 22 - 20. Let u(k) = -10*k**3 - 12*k**2 + 6*k + 6. Let h(c) = 3*c**3 + 4*c**2 - 2*c - 2. Let t(s) = 16*h(s) + 5*u(s). Calculate t(n).
-6
Let w(d) = -3*d + 2. Let v = -1 + 1. Suppose v = -o - 4*k - 2, 4*o - 5 = o - k. Let s be w(o). Let a(h) = -h**3 - 4*h**2 + 3*h + 3. Determine a(s).
-9
Suppose -2*d - 20 = -2*p, -5*d - 3*p - 66 = -0*p. Let r = 7 + d. Let l(v) = -3*v - 5. Calculate l(r).
10
Let g(q) = -2*q - 8*q + 2 + 14*q. Suppose -2*v = -4*v - 4. Give g(v).
-6
Let o be (-2)/(-4) - 7/(-14). Let b be (4 - 11 - -4)/o. Let u(r) = -4*r**2 + 8*r - 8. Let s(l) = -3*l**2 + 7*l - 7. Let c(x) = -5*s(x) + 4*u(x). Calculate c(b).
3
Let l = 69 + -62. Let n(y) = -y**3 + 6*y**2 + 8*y - 10. Calculate n(l).
-3
Let a(k) be the third derivative of k**4/12 + k**3/2 + k**2. Let h(f) = -4 + 4*f + 5 + 3 - 2*f. Let l be h(-4). Determine a(l).
-5
Let g(k) = -2*k**3 + 2*k**2 + 2*k. Let r be g(2). Let p(f) = -f - 3. Let m be p(r). Let y(t) = -m + 3 - 5 - 3*t**2 + 3*t - t + t**3. Determine y(3).
3
Let k(p) = -p**2 + 6*p + 10. Let b(n) = -3 + 3 - 6*n + 5*n - 1. Let f(y) = -6*b(y) - k(y). What is f(-3)?
5
Let y(h) = 2 + 3*h - 3*h + h**2 + 2 - 3*h. Calculate y(5).
14
Let r(h) = 5*h**3 + 3*h**2 - 7*h - 5. Let t(z) = 9*z**3 + 5*z**2 - 13*z - 9. Let a(i) = 7*r(i) - 4*t(i). Give a(-2).
7
Let s(t) = -2 - 1 + 6*t + 0 - t**2. Let h(z) = z**2 + 7*z - 4. Let k = -19 - -11. Let m be h(k). Determine s(m).
5
Let a(s) = s**2 + 10*s + 11. Let k be a(-9). Suppose 0 = -2*l + k + 8. Let w(y) = -2*y + 7. Determine w(l).
-3
Let y be (1 - 3) + -1 + 7. Let s be (-2)/y + (-9)/(-2). Let b(w) = w**2 + 3*w - 3. Let h(j) = j**2 - 1. Let l(t) = b(t) - 2*h(t). Determine l(s).
-5
Let g(s) be the first derivative of -s**3/3 - 3*s**2 - 3*s - 16. What is g(-4)?
5
Let k(h) = -5*h**2 - h. Let u(a) = -4*a**2 - 1. Suppose 4*c =